{"id":181,"date":"2015-12-03T08:18:07","date_gmt":"2015-12-03T08:18:07","guid":{"rendered":"http:\/\/profesionales-malaga.com\/electricista\/?page_id=181"},"modified":"2021-02-03T12:31:40","modified_gmt":"2021-02-03T12:31:40","slug":"aumento-de-potencia-electrica","status":"publish","type":"page","link":"https:\/\/profesionales-malaga.com\/electricista\/aumento-de-potencia-electrica\/","title":{"rendered":"Aumento de potencia el\u00e9ctrica"},"content":{"rendered":"<p>El cambio de potencia no es m\u00e1s que variar la potencia el\u00e9ctrica contratada con la empresa suministradora de energ\u00eda. Normalmente se realizan estos cambios:<\/p>\n<ul>\n<li>Porque hay un <strong>exceso de potencia contratada<\/strong> para los aparatos conectados, con lo cual se paga demasiado en la factura el\u00e9ctrica por coste fijo<\/li>\n<li>Porque hay una <strong>baja potencia contratada<\/strong> y saltan los magnetos de seguridad&nbsp; (ICP) con relativa frecuencia cuando se conectan varios equipos a la vez<\/li>\n<\/ul>\n<p>Nuestros servicios son:<\/p>\n<ul>\n<li>Estudio de las necesidades el\u00e9ctricas de la vivienda o local para contratar una potencia adecuada<\/li>\n<li>Realizaci\u00f3n de los cambios pertinentes en la instalaci\u00f3n \/ cuadro el\u00e9ctrico para un aumento de potencia<\/li>\n<li>Verificaci\u00f3n de la instalaci\u00f3n antes de realizar el aumento de potencia.<\/li>\n<\/ul>\n<p>Es probable que la empresa suministradora le solicite un Certificado de Instalaci\u00f3n El\u00e9ctrica (Bolet\u00edn). <a href=\"https:\/\/profesionales-malaga.com\/electricista\/certificado-boletin-electrico\/\">Pulse aqu\u00ed para m\u00e1s informaci\u00f3n<\/a><\/p>\n\n\n<p><\/p>\n","protected":false},"excerpt":{"rendered":"<p>El cambio de potencia no es m\u00e1s que variar la potencia el\u00e9ctrica contratada con la empresa suministradora de energ\u00eda. Normalmente se realizan estos cambios: Porque hay un exceso de potencia contratada para<a class=\"moretag\" href=\"https:\/\/profesionales-malaga.com\/electricista\/aumento-de-potencia-electrica\/\">Leer m\u00e1s&#8230;<\/a><\/p>\n","protected":false},"author":1,"featured_media":0,"parent":0,"menu_order":0,"comment_status":"closed","ping_status":"closed","template":"","meta":[],"yoast_head":"<!-- This site is optimized with the Yoast SEO plugin v21.1 - https:\/\/yoast.com\/wordpress\/plugins\/seo\/ -->\n<title>Aumento de potencia el\u00e9ctrica - Electricista M\u00e1laga<\/title>\n<meta name=\"description\" content=\"Realizamos las tareas necesarias para realizar un aumento o disminuci\u00f3n de la potencia el\u00e9ctrica contratada. Trabajamos en M\u00e1laga y toda la provincia\" \/>\n<meta name=\"robots\" content=\"index, follow, max-snippet:-1, max-image-preview:large, max-video-preview:-1\" \/>\n<link rel=\"canonical\" href=\"https:\/\/profesionales-malaga.com\/electricista\/aumento-de-potencia-electrica\/\" \/>\n<meta property=\"og:locale\" content=\"es_ES\" \/>\n<meta property=\"og:type\" content=\"article\" \/>\n<meta property=\"og:title\" content=\"Aumento de potencia el\u00e9ctrica - Electricista M\u00e1laga\" \/>\n<meta property=\"og:description\" content=\"Realizamos las tareas necesarias para realizar un aumento o disminuci\u00f3n de la potencia el\u00e9ctrica contratada. Trabajamos en M\u00e1laga y toda la provincia\" \/>\n<meta property=\"og:url\" content=\"https:\/\/profesionales-malaga.com\/electricista\/aumento-de-potencia-electrica\/\" \/>\n<meta property=\"og:site_name\" content=\"Electricista M\u00e1laga\" \/>\n<meta property=\"article:modified_time\" content=\"2021-02-03T12:31:40+00:00\" \/>\n<meta name=\"twitter:card\" content=\"summary_large_image\" \/>\n<meta name=\"twitter:label1\" content=\"Tiempo de lectura\" \/>\n\t<meta name=\"twitter:data1\" content=\"1 minuto\" \/>\n<script type=\"application\/ld+json\" class=\"yoast-schema-graph\">{\"@context\":\"https:\/\/schema.org\",\"@graph\":[{\"@type\":\"WebPage\",\"@id\":\"https:\/\/profesionales-malaga.com\/electricista\/aumento-de-potencia-electrica\/\",\"url\":\"https:\/\/profesionales-malaga.com\/electricista\/aumento-de-potencia-electrica\/\",\"name\":\"Aumento de potencia el\u00e9ctrica - Electricista M\u00e1laga\",\"isPartOf\":{\"@id\":\"https:\/\/profesionales-malaga.com\/electricista\/#website\"},\"datePublished\":\"2015-12-03T08:18:07+00:00\",\"dateModified\":\"2021-02-03T12:31:40+00:00\",\"description\":\"Realizamos las tareas necesarias para realizar un aumento o disminuci\u00f3n de la potencia el\u00e9ctrica contratada. Trabajamos en M\u00e1laga y toda la provincia\",\"breadcrumb\":{\"@id\":\"https:\/\/profesionales-malaga.com\/electricista\/aumento-de-potencia-electrica\/#breadcrumb\"},\"inLanguage\":\"es\",\"potentialAction\":[{\"@type\":\"ReadAction\",\"target\":[\"https:\/\/profesionales-malaga.com\/electricista\/aumento-de-potencia-electrica\/\"]}]},{\"@type\":\"BreadcrumbList\",\"@id\":\"https:\/\/profesionales-malaga.com\/electricista\/aumento-de-potencia-electrica\/#breadcrumb\",\"itemListElement\":[{\"@type\":\"ListItem\",\"position\":1,\"name\":\"Portada\",\"item\":\"https:\/\/profesionales-malaga.com\/electricista\/\"},{\"@type\":\"ListItem\",\"position\":2,\"name\":\"Aumento de potencia el\u00e9ctrica\"}]},{\"@type\":\"WebSite\",\"@id\":\"https:\/\/profesionales-malaga.com\/electricista\/#website\",\"url\":\"https:\/\/profesionales-malaga.com\/electricista\/\",\"name\":\"Electricista M\u00e1laga\",\"description\":\"TXC INSTALACIONES S.L.\",\"potentialAction\":[{\"@type\":\"SearchAction\",\"target\":{\"@type\":\"EntryPoint\",\"urlTemplate\":\"https:\/\/profesionales-malaga.com\/electricista\/?s={search_term_string}\"},\"query-input\":\"required name=search_term_string\"}],\"inLanguage\":\"es\"}]}<\/script>\n<!-- \/ Yoast SEO plugin. -->","yoast_head_json":{"title":"Aumento de potencia el\u00e9ctrica - Electricista M\u00e1laga","description":"Realizamos las tareas necesarias para realizar un aumento o disminuci\u00f3n de la potencia el\u00e9ctrica contratada. Trabajamos en M\u00e1laga y toda la provincia","robots":{"index":"index","follow":"follow","max-snippet":"max-snippet:-1","max-image-preview":"max-image-preview:large","max-video-preview":"max-video-preview:-1"},"canonical":"https:\/\/profesionales-malaga.com\/electricista\/aumento-de-potencia-electrica\/","og_locale":"es_ES","og_type":"article","og_title":"Aumento de potencia el\u00e9ctrica - Electricista M\u00e1laga","og_description":"Realizamos las tareas necesarias para realizar un aumento o disminuci\u00f3n de la potencia el\u00e9ctrica contratada. Trabajamos en M\u00e1laga y toda la provincia","og_url":"https:\/\/profesionales-malaga.com\/electricista\/aumento-de-potencia-electrica\/","og_site_name":"Electricista M\u00e1laga","article_modified_time":"2021-02-03T12:31:40+00:00","twitter_card":"summary_large_image","twitter_misc":{"Tiempo de lectura":"1 minuto"},"schema":{"@context":"https:\/\/schema.org","@graph":[{"@type":"WebPage","@id":"https:\/\/profesionales-malaga.com\/electricista\/aumento-de-potencia-electrica\/","url":"https:\/\/profesionales-malaga.com\/electricista\/aumento-de-potencia-electrica\/","name":"Aumento de potencia el\u00e9ctrica - Electricista M\u00e1laga","isPartOf":{"@id":"https:\/\/profesionales-malaga.com\/electricista\/#website"},"datePublished":"2015-12-03T08:18:07+00:00","dateModified":"2021-02-03T12:31:40+00:00","description":"Realizamos las tareas necesarias para realizar un aumento o disminuci\u00f3n de la potencia el\u00e9ctrica contratada. Trabajamos en M\u00e1laga y toda la provincia","breadcrumb":{"@id":"https:\/\/profesionales-malaga.com\/electricista\/aumento-de-potencia-electrica\/#breadcrumb"},"inLanguage":"es","potentialAction":[{"@type":"ReadAction","target":["https:\/\/profesionales-malaga.com\/electricista\/aumento-de-potencia-electrica\/"]}]},{"@type":"BreadcrumbList","@id":"https:\/\/profesionales-malaga.com\/electricista\/aumento-de-potencia-electrica\/#breadcrumb","itemListElement":[{"@type":"ListItem","position":1,"name":"Portada","item":"https:\/\/profesionales-malaga.com\/electricista\/"},{"@type":"ListItem","position":2,"name":"Aumento de potencia el\u00e9ctrica"}]},{"@type":"WebSite","@id":"https:\/\/profesionales-malaga.com\/electricista\/#website","url":"https:\/\/profesionales-malaga.com\/electricista\/","name":"Electricista M\u00e1laga","description":"TXC INSTALACIONES S.L.","potentialAction":[{"@type":"SearchAction","target":{"@type":"EntryPoint","urlTemplate":"https:\/\/profesionales-malaga.com\/electricista\/?s={search_term_string}"},"query-input":"required name=search_term_string"}],"inLanguage":"es"}]}},"_links":{"self":[{"href":"https:\/\/profesionales-malaga.com\/electricista\/wp-json\/wp\/v2\/pages\/181"}],"collection":[{"href":"https:\/\/profesionales-malaga.com\/electricista\/wp-json\/wp\/v2\/pages"}],"about":[{"href":"https:\/\/profesionales-malaga.com\/electricista\/wp-json\/wp\/v2\/types\/page"}],"author":[{"embeddable":true,"href":"https:\/\/profesionales-malaga.com\/electricista\/wp-json\/wp\/v2\/users\/1"}],"replies":[{"embeddable":true,"href":"https:\/\/profesionales-malaga.com\/electricista\/wp-json\/wp\/v2\/comments?post=181"}],"version-history":[{"count":5,"href":"https:\/\/profesionales-malaga.com\/electricista\/wp-json\/wp\/v2\/pages\/181\/revisions"}],"predecessor-version":[{"id":408,"href":"https:\/\/profesionales-malaga.com\/electricista\/wp-json\/wp\/v2\/pages\/181\/revisions\/408"}],"wp:attachment":[{"href":"https:\/\/profesionales-malaga.com\/electricista\/wp-json\/wp\/v2\/media?parent=181"}],"curies":[{"name":"wp","href":"https:\/\/api.w.org\/{rel}","templated":true}]}}